7 is divided by 30.
27
What is the remainder when 21125 is divided by 11060?
10065
Calculate the remainder when 357949886 is divided by 4367.
4364
Calculate the remainder when 633675 is divided by 2767.
32
What is the remainder when 17673 is divided by 4959?
2796
Calculate the remainder when 92667 is divided by 46171.
325
What is the remainder when 17368 is divided by 2649?
1474
What is the remainder when 60067 is divided by 29879?
309
Calculate the remainder when 2042364 is divided by 120137.
35
What is the remainder when 325450 is divided by 29567?
213
Calculate the remainder when 5764620 is divided by 10735.
10660
Calculate the remainder when 64327 is divided by 2210.
237
What is the remainder when 39997773 is divided by 7999532?
113
Calculate the remainder when 1758664 is divided by 74.
54
What is the remainder when 13963 is divided by 3494?
3481
What is the remainder when 415738 is divided by 218?
12
What is the remainder when 13072286 is divided by 14991?
134
Calculate the remainder when 65309 is divided by 16280.
189
What is the remainder when 5454542 is divided by 130?
2
Calculate the remainder when 20526925 is divided by 4105384.
5
What is the remainder when 1022224 is divided by 10532?
620
Calculate the remainder when 2438440 is divided by 73.
21
What is the remainder when 44637095 is divided by 28?
27
What is the remainder when 258304 is divided by 4966?
72
Calculate the remainder when 1378815 is divided by 44476.
59
Calculate the remainder when 2837771 is divided by 42.
41
What is the remainder when 2937282 is divided by 1504?
1474
Calculate the remainder when 45907889 is divided by 1045.
1039
Calculate the remainder when 6760723 is divided by 26.
21
Calculate the remainder when 50301571 is divided by 87.
85
What is the remainder when 11739049 is divided by 2859?
2854
Calculate the remainder when 3869879 is divided by 84121.
313
What is the remainder when 29579705 is divided by 11724?
53
Calculate the remainder when 2364444 is divided by 393832.
1452
Calculate the remainder when 539086 is divided by 402.
4
What is the remainder when 8841979 is divided by 2305?
2304
Calculate the remainder when 511155 is divided by 4.
3
Calculate the remainder when 7084700 is divided by 147597.
44
Calculate the remainder when 1029147 is divided by 147010.
77
What is the remainder when 161620 is divided by 2441?
514
Calculate the remainder when 217755 is divided by 176.
43
Calculate the remainder when 165913 is divided by 4348.
689
What is the remainder when 81991 is divided by 81887?
104
Calculate the remainder when 1558194 is divided by 115.
59
What is the remainder when 27261024 is divided by 777?
756
What is the remainder when 2651470 is divided by 4735?
4605
Calculate the remainder when 1098525 is divided by 109844.
85
What is the remainder when 8257042 is divided by 25?
17
What is the remainder when 261333 is divided by 281?
3
Calculate the remainder when 44653 is divided by 206.
157
Calculate the remainder when 526316 is divided by 34.
30
What is the remainder when 8730755 is divided by 23?
1
What is the remainder when 11004493 is divided by 960?
13
Calculate the remainder when 632082 is divided by 968.
946
Calculate the remainder when 76579388 is divided by 1072.
1068
Calculate the remainder when 7265886 is divided by 315908.
2
What is the remainder when 5933121 is divided by 107?
78
What is the remainder when 15458774 is divided by 534?
8
What is the remainder when 14184394 is divided by 324?
322
What is the remainder when 2811498 is divided by 21?
18
What is the remainder when 60782 is divided by 803?
557
Calculate the remainder when 327508471 is divided by 80.
71
What is the remainder when 753182 is divided by 53600?
2782
What is the remainder when 5589167 is divided by 7?
3
Calculate the remainder when 66788063 is divided by 1944.
1943
What is the remainder when 110848 is divided by 626?
46
Calculate the remainder when 273370 is divided by 6865.
5635
Calculate the remainder when 1368594 is divided by 146.
136
Calculate the remainder when 3808142 is divided by 140.
2
What is the remainder when 215158 is divided by 164?
154
What is the remainder when 5504011 is divided by 2777?
2774
What is the remainder when 102821195 is divided by 43?
25
Calculate the remainder when 340082 is divided by 14169.
26
Calculate the remainder when 85040 is divided by 16877.
655
Calculate the remainder when 522691 is divided by 522658.
33
What is the remainder when 107035 is divided by 2881?
438
What is the remainder when 50454703 is divided by 105775?
28
What is the remainder when 182222 is divided by 1752?
14
What is the remainder when 218100 is divided by 1852?
1416
What is the remainder when 50946247 is divided by 10?
7
Calculate the remainder when 6374638 is divided by 25095.
508
Calculate the remainder when 400797 is divided by 2690.
2677
Calculate the remainder when 1604924 is divided by 320959.
129
What is the remainder when 5911360 is divided by 422?
406
Calculate the remainder when 185732 is divided by 2160.
2132
Calculate the remainder when 895451642 is divided by 19.
15
Calculate the remainder when 3175227 is divided by 247.
42
What is the remainder when 2083661 is divided by 30642?
5
Calculate the remainder when 86177 is divided by 859.
277
What is the remainder when 3479302 is divided by 1739598?
106
What is the remainder when 62544306 is divided by 158340?
6
Calculate the remainder when 4640887 is divided by 159.
154
What is the remainder when 18647518 is divided by 18647512?
6
What is the remainder when 3435015 is divided by 1426?
1207
Calculate the remainder when 13751660 is divided by 241257.
11
What is the remainder when 218148699 is divided by 2215?
2209
What is the remainder when 1826818 is divided by 165988?
950
What is the remainder when 38763287 is divided by 4?
3
What is the remainder when 8401771 is divided by 925?
921
What is the remainder when 470875854 is divided by 323?
317
What is the remainder when 28183538 is divided by 2?
0
Calculate the remainder when 1203596 is divided by 128.
12
Calculate the remainder when 13934808 is divided by 14.
6
What is the remainder when 514563054 is divided by 15?
9
Calculate the remainder when 117941 is divided by 29289.
785
Calculate the remainder when 5534351 is divided by 131.
125
Calculate the remainder when 839581 is divided by 6836.
5589
What is the remainder when 88630 is divided by 559?
308
Calculate the remainder when 264169958 is divided by 10.
8
What is the remainder when 17568989 is divided by 554?
541
Calculate the remainder when 15400895 is divided by 431.
403
What is the remainder when 4459502 is divided by 8?
6
Calculate the remainder when 156790 is divided by 1760.
150
What is the remainder when 3136836 is divided by 35?
31
What is the remainder when 1391986 is divided by 551?
160
Calculate the remainder when 1571204 is divided by 1451.
1222
Calculate the remainder when 58211 is divided by 58198.
13
Calculate the remainder when 482543999 is divided by 720.
719
What is the remainder when 193570 is divided by 10646?
1942
Calculate the remainder when 3554013 is divided by 323091.
12
What is the remainder when 43436 is divided by 1496?
52
Calculate the remainder when 875149 is divided by 941.
19
Calculate the remainder when 16829672 is divided by 99.
68
Calculate the remainder when 4893079 is divided by 838.
835
What is the remainder when 1000847 is divided by 245?
22
What is the remainder when 16542 is divided by 5473?
123
What is the remainder when 1210539 is divided by 2938?
83
Calculate the remainder when 198687 is divided by 395.
2
What is the remainder when 102183729 is divided by 18?
15
What is the remainder when 27192 is divided by 11364?
4464
Calculate the remainder when 264829 is divided by 1006.
251
Calculate the remainder when 170365756 is divided by 24241.
8
What is the remainder when 3683333 is divided by 43?
39
What is the remainder when 116686478 is divided by 8334748?
6
Calculate the remainder when 7243456 is divided by 20.
16
Calculate the remainder when 197605 is divided by 2.
1
Calculate the remainder when 343123 is divided by 171519.
85
Calculate the remainder when 2780841 is divided by 299.
141
Calculate the remainder when 363688055 is divided by 2472.
2471
Wh